h be g(-11). Let t be (h - -3)*3/6. Calculate n(t).
-5
Let z(v) = -v + 13. Let c be z(9). Suppose -4*o + 7 + 12 = -3*l, -4*o + 24 = -c*l. Let q(s) = -s**3 - 6*s**2 - 4*s + 4. Calculate q(l).
-1
Let z(c) be the first derivative of 5*c**2/2 - 23. Calculate z(1).
5
Let x = -50 + 58. Let b(t) = t**3 - 9*t**2 + 9*t - 2. What is b(x)?
6
Let o(g) = 15*g - 9. Let b(q) = 3*q - 2. Let m(t) = -21*b(t) + 4*o(t). Determine m(4).
-6
Let x(v) = -v + 16. Let b be x(12). Let o(u) = u**3 - 4*u**2 + 4*u + 4. Give o(b).
20
Suppose -3*g = -4*f - 2*g + 20, -4*f + 28 = g. Let d(q) = 5 + 2*q - q - 13. Calculate d(f).
-2
Let g = 5 - -1. Let c(p) = 0 + 7*p**2 - p**3 - 5 + p - 7*p. Determine c(g).
-5
Let k = -2 + 2. Let i(o) = o - o**3 - 2 - 2*o**2 + 0 - 1 + 3*o**2. Determine i(k).
-3
Let u(x) be the third derivative of 1/12*x**5 - 5*x**2 + 7/24*x**4 - 1/120*x**6 + 0*x - 2/3*x**3 + 0. Give u(6).
2
Let a(h) = -2*h + 4. Let j(w) = -4*w + 9. Let g(y) = 5*a(y) - 3*j(y). What is g(5)?
3
Let y(l) = -9 - 27*l + 10*l + 18*l. What is y(6)?
-3
Let s(k) = k - 1. Let j(p) = -6*p + 0 - 2 + 3 + 0. Let l(r) = j(r) + 3*s(r). Let w be 1/1 - (7 + -4). What is l(w)?
4
Let d(h) = 2*h**3 - 2*h**2 - h - 2. Suppose -3*i + 27 = -54. Suppose -5 = -l - 3*a + 6, -5*l = a - i. Suppose l*k - 16 = -6. What is d(k)?
4
Let n(o) = -2 + 1 + o + 3. Suppose -p - 10 = -3*p. Give n(p).
7
Let h(c) = -3*c + 5. Let l(g) = -g + 2. Let w(m) = 3*h(m) - 7*l(m). Calculate w(6).
-11
Let b = -1 + 3. Let k(c) = -c - 4*c**2 - 1 - b + c**3 - 2*c**3. Suppose 8 = p - 3*p. Calculate k(p).
1
Let s(v) = -3*v**2 - 2*v + 1. Suppose -2*f + 3*f = 0. Let d = -2 + f. Determine s(d).
-7
Let p(y) = 2*y**3 - 2*y**2 + y - 2. Suppose 3 = 3*w - 6. Suppose -w*x = x + 16. Let g = x - -6. Give p(g).
8
Suppose -i + 1 = 3. Suppose -5*q - 10 = -4*h - h, 5*q = -h + 20. Let a(c) = -1 + 0*c**3 - c - 2*c**2 - 5*c**3 + h*c**3 - c**3. Calculate a(i).
1
Let l = -13 + 10. Let f(o) = 2 + o + 1 + 0. Determine f(l).
0
Let u(h) = -13*h - 1. Suppose -5*q = -3*q + 2. Determine u(q).
12
Let b = 0 + -4. Suppose -h = -3*p + p - 2, 5*h - 2*p - 10 = 0. Let g(c) = c - c**h - 1 - 5*c - 1. Give g(b).
-2
Let g(b) = b + 12. Let z(x) = x**2 + 4*x + 1. Let m be z(-3). Let c(l) = -11. Let n(d) = m*g(d) - 3*c(d). Give n(6).
-3
Let x(u) be the first derivative of u**4/4 - u**3 - 2*u + 7. Give x(4).
14
Let p(w) be the second derivative of w**3/6 + w**2/2 - 10*w. Give p(-1).
0
Let z = 34 - 44. Let q(m) = -m**2 - 11*m - 13. What is q(z)?
-3
Let l = 4 - 0. Let m = -5 + l. Let w(o) = -5*o + 1. Give w(m).
6
Let o(r) be the first derivative of r**5/60 + r**4/8 + r**2/2 - 1. Let j(b) be the second derivative of o(b). Determine j(-5).
10
Let o(m) = m**3 + 6*m**2 + 2. Let u be o(-6). Let p = 20 - 17. Let s = u - p. Let v(j) = 5*j**3 + j**2 + j. Give v(s).
-5
Let o(n) = 4*n - 1. Suppose -h + 2*b = 4*b - 3, -3*h + b - 5 = 0. Calculate o(h).
-5
Let j(s) be the second derivative of -1/6*s**3 + 0 + 2*s**2 - 6*s - 1/12*s**4. Give j(-4).
-8
Let w(c) be the third derivative of 1/8*c**4 - 7/6*c**3 + 0 + 6*c**2 + 0*c. What is w(6)?
11
Let b(t) = -t + 2. Let h be b(6). Let p(n) be the second derivative of 1/2*n**2 - 1/12*n**4 - 2*n - 1/3*n**3 + 0. Determine p(h).
-7
Let j = 8 + -6. Let n(g) = g - 7 - 5*g**2 + 3*g**2 + g**3 + 5 - j*g. Give n(3).
4
Let l(i) = 4*i + 4. Suppose 4*j - 3 + 23 = 0. Give l(j).
-16
Let k(z) = -2 - 2 - 2*z + 2 - 2. What is k(3)?
-10
Let s(x) be the third derivative of -x**6/60 + x**5/30 + x**4/24 + x**3/3 - 8*x**2. Give s(2).
-4
Let n(y) = y - 11. Suppose 1 = 3*j - 14. Let m(a) = 3*a - 22. Let z(q) = j*n(q) - 2*m(q). Determine z(-6).
-5
Let q(o) = 5*o**2 + 7*o - 10. Let b(k) = -k**2 - k + 1. Let j(n) = -6*b(n) - q(n). What is j(5)?
24
Let v(h) = -2*h - 1. Let c = -3 - -7. Suppose 0*s = 2*s - c. Give v(s).
-5
Let a be 34/(-9) + 2/(-9). Let g = 1 + 1. Let d(w) = 0*w**2 + 2*w + 3*w - 2*w + 3 + w**g. What is d(a)?
7
Let i(a) be the third derivative of 5*a**4/24 - a**3 - 6*a**2. Let r = 32 + -45. Let l(d) = -11*d + 12. Let h(f) = r*i(f) - 6*l(f). Determine h(0).
6
Let j(v) = 2*v + 5. Suppose 0*c - c + 12 = 0. Suppose 0 = 7*h - 4*h + c. Give j(h).
-3
Let o(z) = 2*z**2 + z - 2. Let v be (99/(-15))/3 + 7/35. Give o(v).
4
Let o(r) be the first derivative of r**4/4 - 7*r**3/3 + 2*r**2 + 4*r + 17. Calculate o(6).
-8
Let s(v) = 9*v**2 + 2*v + 1. Suppose -4*l + l = -6. Let p = -6 + 9. Suppose -1 = p*x - l*d, -3*x - d = -4*d. What is s(x)?
8
Suppose 3*z - 16 = 2. Let p be z/8*8/(-2). Let m(k) = k**2 + 5*k + 4. What is m(p)?
-2
Let j be ((-4)/(-3))/(2/(-6)). Let c(l) = -l - l**3 - 4*l**2 - 3*l**2 + 3*l**2. Give c(j).
4
Let w(b) = b**2 - 9*b - 3. Let m(x) = 2*x**2 - x - 6. Let p be m(3). Determine w(p).
-3
Let p(h) = -2*h**3 - 3*h**2 - 2*h - 2. Let l be (4 + -2)/2 + -1. Suppose -2*z + 3*z + 2 = l. Determine p(z).
6
Let i(g) = -14*g + 4. Let u(q) = -13*q + 3. Suppose 6*d + 23 = d - 4*x, 0 = 2*d - x + 4. Let h(s) = d*u(s) + 2*i(s). Determine h(1).
10
Let d(m) be the third derivative of 2*m**2 + 5/24*m**4 + 0*m + 0*m**3 + 0. Determine d(1).
5
Let t(b) = -b**2 - 7*b + 6. Suppose -z = 2*z - 2*v + 28, 10 = -z + v. What is t(z)?
-2
Let r(i) = -i**3 - 7*i**2 - 7*i + 5. Let j(p) = -p**2 - 3*p + 34. Let w be j(5). Determine r(w).
11
Let t(m) = m - 3. Let c = -1 + 2. Let p = 2 - c. Let w be 3/(((-6)/(-4))/p). Calculate t(w).
-1
Suppose -4*b = p - 4, -12 = -4*p + 5*b + 4. Let w(u) = u**2 - 7*u - 3. Let n(i) = -i**2 + 8*i + 3. Let m(q) = -5*n(q) - 6*w(q). What is m(p)?
-5
Let r(a) = 6*a**2 - 94*a**3 - 2*a - 1 - 3*a**2 + 96*a**3. What is r(-3)?
-22
Let u(h) = -h + 1. Let m(f) = -12*f**2 + f - 2. Let i(z) = -m(z) - 2*u(z). Give i(1).
13
Suppose 6 = 4*m - 22. Let u(j) = -j + 10. Give u(m).
3
Let g(i) be the first derivative of -i**4/12 + i**3/3 - i**2/2 + 2*i - 6. Let b(c) be the first derivative of g(c). What is b(4)?
-9
Let p(q) be the third derivative of 0*q - q**2 + 7/6*q**3 + 0 + 1/24*q**4. Suppose 6 - 14 = 2*i. Calculate p(i).
3
Let n be (((-16)/24)/(4/(-30)))/1. Let v(k) = k**3 - 5*k**2 + k - 2. Determine v(n).
3
Suppose 0 = -2*p - 0*p + 4. Let h(c) = -3 - 5 + 2*c + p - c. Give h(5).
-1
Suppose -4*m = -m + 18. Let y be ((-3)/m)/(-1)*-8. Let k(p) = -p**3 + 4*p**2 + 3*p - 6. Calculate k(y).
6
Let n(v) = -5*v + 4. Let x = -66 + 68. Determine n(x).
-6
Let m(y) = -2*y**2 - 2*y - 1. Let s be 32/(-24) - 4/6. Let a be m(s). Let k(t) = t + 9. Calculate k(a).
4
Let j(d) = -d**2 - 10*d + 12. Let v be j(-11). Let f(g) = 7*g. Determine f(v).
7
Suppose -5*v + 10 = 2*o - 0*v, -5*o = v - 2. Let j(s) = -2 - 2*s + o*s - s. Let k = 26 + -28. Calculate j(k).
4
Let k(u) = -u**2. Let w be k(0). Let c = 3 + w. Let h(a) = a**3 - 4*a**2 + 2*a - 2. Calculate h(c).
-5
Let k(g) = -1 - 1 - 2*g**2 - 3*g + g**2. Let q(l) = l**3 - 2*l**2 + 3*l - 3. Let v be q(2). Suppose 0 = -j, 0 = x + x + v*j + 4. Give k(x).
0
Let f(v) = 5*v**3 - v**2 - 7. Let o(c) = 6*c**3 - c**2 - 8. Let d(r) = 7*f(r) - 6*o(r). Let t(x) = -x**3 - x**2 - 1. Let q(m) = -6*d(m) + 5*t(m). What is q(-1)?
1
Let q be ((-16)/6)/(4/18). Let w = 6 + q. Let u(s) = -s - 3. Determine u(w).
3
Let a(n) = -2*n + 9. Let d be a(7). Let w(x) = 0 - 5 + 5*x**3 + 5*x**2 - 4*x**3. Calculate w(d).
-5
Let w(c) = 30*c + 33. Let b(h) = h + 1. Suppose 5*k - 9 = 2*y + 15, 3*y + 5*k = 14. Let l(i) = y*w(i) + 66*b(i). What is l(-1)?
-6
Suppose 3*i + d = -26, -5*i = -d + 46 - 0. Let u = i + 15. Let h(t) = -t**3 + 6*t**2 - 2*t + 9. What is h(u)?
-3
Let o(b) = 5*b + b + 5*b + 22 - 10*b. What is o(0)?
22
Let v(x) = 8*x**2 + x**2 + 2*x**2 - 9*x**2. What is v(-1)?
2
Let m(w) = -5*w - 4*w**3 + 2 + 5*w - 4*w**2 + 3*w**3. Let s(d) = 3 + 2*d + 1 + 4. Let v be s(-6). Determine m(v).
2
Let r be (-8)/(-2) + (1 - -22). Let w = r - 32. Let z(q) = -q + 1. What is z(w)?
6
Let r be (56/20)/(6/15). Let z(o) = -o**2 + 3*o - r + 4*o + 2. Determine z(6).
1
Let u(c) = -9*c**3 - 2*c - 5. Let l(t) = -5*t**3 - t - 3. Let x(a) = 2*a + 1. Let v be x(3). Let k(w) = v*l(w) - 4*u(w). Calculate k(2).
9
Let t(x) = -14*x**3 - 52*x**2 - 12*x + 9. Let b(d) = -5*d**3 - 18*d**2 - 4*d + 3. Let s(i) = 17*b(i) - 6*t(i). Give s(6).
21
Let m(z) = -4*z - 2. Suppose 6*v + 28 = 5*l + 3*v, -2*l + 5*v + 15 = 0. Suppose l = -3*c - 4. Determine m(c).
10
Let f = -4 - -1. Let r(j) = -8*j**2 + j + 2. Let s(g) = -2 - g - 11*g**2 + 